{"id":26,"date":"2015-02-04T08:05:00","date_gmt":"2015-02-04T08:05:00","guid":{"rendered":"http:\/\/elesquizofrenicosagrado.com\/?page_id=26"},"modified":"2022-03-13T17:10:59","modified_gmt":"2022-03-13T17:10:59","slug":"inicio","status":"publish","type":"page","link":"https:\/\/www.elesquizobuscador.com\/","title":{"rendered":"Inicio"},"content":{"rendered":"<div class=\"flexslider\"><ul class=\"slides\"><li><img src=\"https:\/\/www.elesquizobuscador.com\/wp-content\/uploads\/2015\/02\/David_J_Roberts-Art-Static_Motion-Nature-54-1200x500.jpg\" \/><p class=\"flex-caption\">ESTO ES LA LEYENDA<\/p><\/li><li><img src=\"https:\/\/www.elesquizobuscador.com\/wp-content\/uploads\/2015\/02\/David_J_Roberts-Art-Static_Motion-Nature-35-1200x500.jpg\" \/><p class=\"flex-caption\">LEYENDA 2<\/p><\/li><li><img src=\"https:\/\/www.elesquizobuscador.com\/wp-content\/uploads\/2015\/02\/David_J_Roberts-Art-Static_Motion-Nature-08-1200x500.jpg\" \/><p class=\"flex-caption\">Leyenda 3<\/p><\/li><\/ul><\/div>\n<p>&nbsp;<\/p>\n<h2>LA CARCEL COSMICA (Abigail)<\/h2>\n<h3><strong>INTRODUCCION<\/strong><\/h3>\n<p>En junio de 2005 cuando me dio el pampurrio, tuve mi primer brote de esquizofrenia y aunque los factores desencadenantes han sido muy fuertes, se puede decir que soy esquizofrenico.Sin embargo la c\u00e1rcel cosmica en la que me veo inmerso desde entonces y que mas adelante describir\u00e9, la considero totalmente REAL.<\/p>\n<h3><strong>1-ANTES DEL PAMPURRIO:<\/strong><\/h3>\n<p>Nac\u00ed en 1968 y soy medico de familia.He tenido dos Maestros iluminados.El primero, M., me ense\u00f1o las ense\u00f1anzas de Carlos Castaneda. El segundo,B.,el Advaita Vedanta.Practico meditaci\u00f3n desde los 17 a\u00f1os y no me considero un iluminado.Pero he entendido que lo que permanece inmutable y siempre presente dentro de mi psiquismo, es la sensaci\u00f3n de ser,y lo acepte como mi verdadera naturaleza.<\/p>\n<h3><strong>2-EL PAMPURRIO Y LA VUELTA (LA VELETA):<\/strong><\/h3>\n<p>Todo comenz\u00f3 cuando empec\u00e9 a trabajar en un centro de salud de Cantabria.Me asignaron una enfermera gay de la que me enamore.Asimismo me hice amigo de una se\u00f1ora que limpiaba:N.Tuve la sensaci\u00f3n de que mas que otra cosa era una prueba que transformar\u00eda radicalmente mi vida.A mi Maestro B.se le escapo que con el enamoramiento estaba pre\u00f1ado y que me estaba calentando y prepar\u00e1ndome para el parto emocional.A partir de entonces y entre grandes depresiones me dio la sensaci\u00f3n de que mucha gente estaba intrigada en si estaba bien o mal.Yo deje el centro de salud porque las urgencias no iban con mi forma de ser.Me ocurrieron muchas cosas misteriosas.Se acercaba el d\u00eda del pampurrio. Entonces llego el d\u00eda en que me sent\u00ed muy enfermo, sin apenas poder moverme, con una dif\u00edcil transici\u00f3n sue\u00f1o-vigilia.Tenia una gran taquicardia y taquipnea, sent\u00ed que me mor\u00eda. As\u00ed que cog\u00ed el coche y me fui a casa de mi hermana. All\u00ed di la vuelta teniendo mi primer brote psic\u00f3tico.De alguna manera consegu\u00ed reconducir esa energ\u00eda psicosom\u00e1tica para volver a un estado de normalidad. Al final sobreviv\u00ed.<\/p>\n<h3><strong>3-DESPUES DEL PAMPURRIO:LA CARCEL COSMICA:<\/strong><\/h3>\n<p>Desde entonces vivo en un mundo de magia constante.A partir de entonces y aun hoy en d\u00eda recibo mensajes divinos(los psiquiatras lo llamar\u00edan alucinaciones externas)por parte de la gente, la televisi\u00f3n \u2026Son contestaciones a pensamientos, sentimientos y comportamientos m\u00edos. Evaluan principalmente mi capacidad de amar y mi bondad.Como quiera que esos mensajes-alucinaciones provienen de ALGO que lo sabe todo(Dios?) los considero sagrados.<\/p>\n<p><strong>ME DICEN QUE PUEDO SER CRISTO EN LA PROXIMA VIDA (<a href=\"https:\/\/www.elesquizobuscador.com\/?cat=3\">VER MENSAJE PROF\u00c9TICO<\/a>)<\/strong><\/p>\n<p>Que cada uno pregunte a su coraz\u00f3n si esto puede ser real!<\/p>\n<p>Estos mensajes me han desencadenado una serie de reflexiones<\/p>\n","protected":false},"excerpt":{"rendered":"<p>&nbsp; LA CARCEL COSMICA (Abigail) INTRODUCCION En junio de 2005 cuando me dio el pampurrio, tuve mi primer brote de esquizofrenia y aunque los factores desencadenantes han sido muy fuertes, se puede decir que soy esquizofrenico.Sin embargo la c\u00e1rcel cosmica &hellip; <a href=\"https:\/\/www.elesquizobuscador.com\/\">Continuar<\/a><\/p>\n","protected":false},"author":1,"featured_media":0,"parent":0,"menu_order":0,"comment_status":"open","ping_status":"closed","template":"","meta":{"kt_blocks_editor_width":""},"_links":{"self":[{"href":"https:\/\/www.elesquizobuscador.com\/index.php?rest_route=\/wp\/v2\/pages\/26"}],"collection":[{"href":"https:\/\/www.elesquizobuscador.com\/index.php?rest_route=\/wp\/v2\/pages"}],"about":[{"href":"https:\/\/www.elesquizobuscador.com\/index.php?rest_route=\/wp\/v2\/types\/page"}],"author":[{"embeddable":true,"href":"https:\/\/www.elesquizobuscador.com\/index.php?rest_route=\/wp\/v2\/users\/1"}],"replies":[{"embeddable":true,"href":"https:\/\/www.elesquizobuscador.com\/index.php?rest_route=%2Fwp%2Fv2%2Fcomments&post=26"}],"version-history":[{"count":6,"href":"https:\/\/www.elesquizobuscador.com\/index.php?rest_route=\/wp\/v2\/pages\/26\/revisions"}],"predecessor-version":[{"id":975,"href":"https:\/\/www.elesquizobuscador.com\/index.php?rest_route=\/wp\/v2\/pages\/26\/revisions\/975"}],"wp:attachment":[{"href":"https:\/\/www.elesquizobuscador.com\/index.php?rest_route=%2Fwp%2Fv2%2Fmedia&parent=26"}],"curies":[{"name":"wp","href":"https:\/\/api.w.org\/{rel}","templated":true}]}}